{"id":52,"date":"2023-11-18T17:50:48","date_gmt":"2023-11-18T17:50:48","guid":{"rendered":"https:\/\/cantieni-conversationdesign.com\/?page_id=52"},"modified":"2023-11-25T14:53:46","modified_gmt":"2023-11-25T14:53:46","slug":"ueber-uns","status":"publish","type":"page","link":"https:\/\/cantieni-conversationdesign.com\/?page_id=52","title":{"rendered":"\u00dcber Mich"},"content":{"rendered":"\n<p>Vielleicht sind Sie k\u00fcnstlerisch t\u00e4tig und m\u00f6chten sich und Ihre Arbeiten hier vorstellen. Oder Sie haben vielleicht ein Unternehmen, dessen Mission Sie hier beschreiben m\u00f6chten.<\/p>\n\n\n\n<div class=\"wp-block-columns is-layout-flex wp-container-core-columns-is-layout-9d6595d7 wp-block-columns-is-layout-flex\">\n<div class=\"wp-block-column is-layout-flow wp-block-column-is-layout-flow\">\n<figure class=\"wp-block-image size-full is-resized\"><img loading=\"lazy\" decoding=\"async\" width=\"545\" height=\"545\" src=\"https:\/\/cantieni-conversationdesign.com\/wp-content\/uploads\/2023\/11\/Picture.jpg\" alt=\"\" class=\"wp-image-127\" style=\"aspect-ratio:1;object-fit:cover;width:250px\"\/><\/figure>\n<\/div>\n\n\n\n<div class=\"wp-block-column is-layout-flow wp-block-column-is-layout-flow\">\n<h2 class=\"wp-block-heading\">Wer bin ich?<\/h2>\n\n\n\n<p>blablablabla<\/p>\n<\/div>\n<\/div>\n\n\n\n<h2 class=\"wp-block-heading\">Meine Ausbildungen<\/h2>\n\n\n\n<p>MSc in Digital Marketing and Analytics <\/p>\n\n\n\n<p>BSc in Business Administration<\/p>\n\n\n\n<h2 class=\"wp-block-heading\">Meine Erfahrungen<\/h2>\n\n\n\n<p>blablabla<\/p>\n\n\n\n<p><\/p>\n","protected":false},"excerpt":{"rendered":"<p>Vielleicht sind Sie k\u00fcnstlerisch t\u00e4tig und m\u00f6chten sich und Ihre Arbeiten hier vorstellen. Oder Sie haben vielleicht ein Unternehmen, dessen Mission Sie hier beschreiben m\u00f6chten. Wer bin ich? blablablabla Meine Ausbildungen MSc in Digital Marketing and Analytics BSc in Business Administration Meine Erfahrungen blablabla<\/p>\n","protected":false},"author":1,"featured_media":0,"parent":0,"menu_order":0,"comment_status":"closed","ping_status":"closed","template":"","meta":{"footnotes":""},"class_list":["post-52","page","type-page","status-publish","hentry"],"rttpg_featured_image_url":null,"rttpg_author":{"display_name":"admin","author_link":"https:\/\/cantieni-conversationdesign.com\/?author=1"},"rttpg_comment":0,"rttpg_category":null,"rttpg_excerpt":"Vielleicht sind Sie k\u00fcnstlerisch t\u00e4tig und m\u00f6chten sich und Ihre Arbeiten hier vorstellen. Oder Sie haben vielleicht ein Unternehmen, dessen Mission Sie hier beschreiben m\u00f6chten. Wer bin ich? blablablabla Meine Ausbildungen MSc in Digital Marketing and Analytics BSc in Business Administration Meine Erfahrungen blablabla","_links":{"self":[{"href":"https:\/\/cantieni-conversationdesign.com\/index.php?rest_route=\/wp\/v2\/pages\/52","targetHints":{"allow":["GET"]}}],"collection":[{"href":"https:\/\/cantieni-conversationdesign.com\/index.php?rest_route=\/wp\/v2\/pages"}],"about":[{"href":"https:\/\/cantieni-conversationdesign.com\/index.php?rest_route=\/wp\/v2\/types\/page"}],"author":[{"embeddable":true,"href":"https:\/\/cantieni-conversationdesign.com\/index.php?rest_route=\/wp\/v2\/users\/1"}],"replies":[{"embeddable":true,"href":"https:\/\/cantieni-conversationdesign.com\/index.php?rest_route=%2Fwp%2Fv2%2Fcomments&post=52"}],"version-history":[{"count":3,"href":"https:\/\/cantieni-conversationdesign.com\/index.php?rest_route=\/wp\/v2\/pages\/52\/revisions"}],"predecessor-version":[{"id":132,"href":"https:\/\/cantieni-conversationdesign.com\/index.php?rest_route=\/wp\/v2\/pages\/52\/revisions\/132"}],"wp:attachment":[{"href":"https:\/\/cantieni-conversationdesign.com\/index.php?rest_route=%2Fwp%2Fv2%2Fmedia&parent=52"}],"curies":[{"name":"wp","href":"https:\/\/api.w.org\/{rel}","templated":true}]}}